 be (6/(-4))/(z/20). Suppose 5*a - 30 = -5*m - 5, -2 = i*m - 2*a. What are the prime factors of m?
2
Suppose 5*i = 5*y + 7535, 4 = 4*y + 12. List the prime factors of i.
5, 7, 43
Suppose -4*d + 14 = 38. What are the prime factors of 1/(-2) + ((-579)/d - 2)?
2, 47
What are the prime factors of (-4)/10 - (-1997640)/600?
3329
Let i = 193 - 97. What are the prime factors of i?
2, 3
Suppose 0 = 3*o - 339 - 501. What are the prime factors of o?
2, 5, 7
Let u = 27 - 26. Let j(x) = 17*x**3 - 2*x**2 + 1. List the prime factors of j(u).
2
Suppose 3*i = -0 + 39. Let u(g) = -2*g**2 + 8*g**2 + 10*g + 8*g**2 + i + g**3 - 3*g**2. What are the prime factors of u(-10)?
13
Suppose 4*n - 3*w + 2*w = -372, w = 3*n + 280. Suppose d + v + 61 = 0, 5*v = -0*v + 15. Let q = d - n. List the prime factors of q.
2, 7
Suppose 0 = 39*y - 23*y - 48. List the prime factors of y.
3
Let h(p) = p**2 + 14*p + 7. What are the prime factors of h(15)?
2, 13, 17
Suppose -3*l - 21*x = -19*x - 1765, -2*l = -5*x - 1164. What are the prime factors of l?
587
Suppose 12*b - 25 = 7*b. Suppose d + b*u = 262, 5*d + 365 = -5*u + 1635. List the prime factors of d.
2, 3, 7
Let w(b) = -4*b**2 + 42*b - 18. List the prime factors of w(8).
2, 31
Suppose -41 = -5*c + 744. List the prime factors of c.
157
Let w = -4 + 12. Suppose -w*b + 10 = -3*b - 3*d, 0 = d. List the prime factors of b/10 + (-270)/(-25).
11
Let m(g) be the third derivative of -g**6/120 + g**5/4 + 3*g**4/4 + 2*g**3 + 9*g**2. What are the prime factors of m(16)?
2, 11
Let w = 8 - 8. Suppose w = -0*d + 2*d - 18. Suppose d + 8 = z. List the prime factors of z.
17
Let o be -3 + 1 - (-13 - -9). Suppose -3*h + 2*j = -289, -94 = -h + 5*j - o*j. List the prime factors of h.
97
Let u(v) = 11*v - 2. Let t(h) = 2*h - 12. Let o be t(8). Let m be u(o). Suppose -2*a + 26 + m = 0. List the prime factors of a.
2, 17
Suppose 4*m + 73 - 857 = 0. Suppose 5*r - m - 134 = 0. What are the prime factors of r?
2, 3, 11
Suppose -18*v = -19*v + 535. What are the prime factors of v?
5, 107
Suppose -2*z - 5*m = -m - 2066, 4 = -m. List the prime factors of z.
3, 347
Let j(q) = -q**3 - q**2 + 5*q + 1. Let m(b) = b**3 - 2*b**2 - 2*b - 7. Let k be m(3). What are the prime factors of j(k)?
29
Suppose -21*f = -7*f - 1904. List the prime factors of f.
2, 17
Suppose -124 - 56 = -4*p. Let n = 20 + p. List the prime factors of n.
5, 13
Let t = 542 - 526. List the prime factors of t.
2
What are the prime factors of (2 + 474)*(-4 + (-57)/(-12))?
3, 7, 17
Let q = -1 - -6. Suppose 2*x + 10 = 0, 4*r = x + 13 + 4. What are the prime factors of (7 - q)/(2/r)?
3
Let o(u) = 30 - 69 + 5*u**2 - 4*u + 31. List the prime factors of o(-4).
2, 11
Suppose -5*n = m - 1046, 2*m - 6*n - 2107 = -11*n. List the prime factors of m.
1061
Let s = 3437 - 1680. List the prime factors of s.
7, 251
Let d(c) = -352*c - 2. List the prime factors of d(-1).
2, 5, 7
Suppose -5*a - 2295 = -22*a. What are the prime factors of a?
3, 5
Suppose 0 = 4*p - y - 908, -5*p - 3*y = 2*y - 1160. Suppose -10*t = -4*t - p. What are the prime factors of t?
2, 19
Let p = 174 - -565. List the prime factors of p.
739
Let t(a) = 25*a**2 + 6*a - 1. Let k be 20/(-15)*(1/(-4) - 2). What are the prime factors of t(k)?
2, 11
Suppose 2 - 6 = -4*t. Let z be (-2 + t)/(5/35). What are the prime factors of 0 + z*-3*2?
2, 3, 7
Let d(v) = v**2 - 6*v - 2. Let o be d(7). Let x(w) = 10*w - 7*w + 10*w - 1 - 4*w. What are the prime factors of x(o)?
2, 11
Let m be 2/10 - (-27)/15. Let v = m + 13. Suppose -3*z + 69 = -v. What are the prime factors of z?
2, 7
Let h(x) = -x**3 + 14*x**2 - 11*x + 10. Let z be h(13). Let o = z - 23. List the prime factors of o.
13
Suppose -4*l - 4*a - 10 = -34, -5*l + 3*a + 14 = 0. List the prime factors of ((-42)/l)/((-12)/80).
2, 5, 7
Suppose r + 17 = 1. Let k be (r/20)/((-3)/(-45)). What are the prime factors of (-453)/k + 2/8?
2, 19
What are the prime factors of -3*5201/(-21)*2?
2, 743
Suppose 2*i - 2476 = 2*t - 4*t, -t = 3*i - 1228. List the prime factors of t.
11, 113
Suppose w = 2*w + 5*n + 1, -15 = -5*w - 5*n. Suppose -w*l - 56 = -6*l. What are the prime factors of l?
2, 7
Suppose n + 7 = 9. Suppose 0 = -c + 5*k + 44, -3*k - 88 = -4*c + n*c. What are the prime factors of c?
2, 11
Let n be 2/12*-2*-147. Suppose -2*w = 40 + 16. Let r = n + w. What are the prime factors of r?
3, 7
List the prime factors of (2/(-8))/(1/(-4))*441.
3, 7
Suppose 0 = 4*h - 0 - 4. Let l = 17 - h. What are the prime factors of l?
2
Let h = -599 - -2139. List the prime factors of h.
2, 5, 7, 11
Let a(k) = -k**2 + 11*k + 253. What are the prime factors of a(21)?
43
Let o(i) be the third derivative of -7*i**6/24 + i**4/24 - 5*i**2. List the prime factors of o(-1).
2, 17
Suppose -35*u + 1757 = -28*u. List the prime factors of u.
251
Let c = 58 - -1. Suppose 2*v = c - 5. List the prime factors of v.
3
Suppose 5*u - 601 = -2*q, -u = 2*q - 0*q - 605. List the prime factors of q.
3, 101
Let s be (8 + -10)*1/(-2). Let b(p) = -2 + s - 7 + p**2 + p + 2. List the prime factors of b(-6).
2, 3
Let t(o) = -o**3 + 3*o**2 - o. Let k be t(3). What are the prime factors of (-3)/(k/(-2)) + 156/2?
2, 19
Let p(h) = -18*h**3 - 2*h**2 + 4*h - 7. Let s be p(3). What are the prime factors of (-3 - 114/(-42)) + s/(-7)?
71
Suppose -8*l = 12*l - 40500. List the prime factors of l.
3, 5
Let u = -4 + 0. Let o = -1125 - -1045. Let a = u - o. List the prime factors of a.
2, 19
Let h = 155 - 32. Suppose -6*u = -h - 297. List the prime factors of u.
2, 5, 7
Suppose 8554 = 9*r - 14135. List the prime factors of r.
2521
Suppose -2*i = -5*k - 55, 4*i + k - 24 = 3*i. Let q be ((-10)/(-8))/(4/(-48)). List the prime factors of (q/i)/((-1)/35).
3, 7
Suppose 22262 - 7802 = 12*x. What are the prime factors of x?
5, 241
Let c = 0 - -4. Suppose -14 = c*i - 234. Let r = i - 32. List the prime factors of r.
23
Suppose -5*l = -4*t - 172, -4*l - t + 5*t = -140. Let w = 64 - l. What are the prime factors of w?
2
Let l(n) = -40*n - 120. List the prime factors of l(-8).
2, 5
Suppose 2*h = -6 + 24. What are the prime factors of h - (-28)/(-4) - (0 - 109)?
3, 37
Let d be -1 + (0 - -4 - -3). Suppose 94 = -d*x + 8*x. What are the prime factors of x?
47
Let t(n) = -n**3 - n**2 - 1. Let h(i) = -4*i**3 + 10*i**2 - 24*i - 10. Let z(u) = h(u) - 5*t(u). Let g be z(-16). List the prime factors of g/11 + (-6)/33.
11
Let v be 3372/(-6)*((-3)/(-2) - 2). Let m = v + -157. What are the prime factors of m?
2, 31
Suppose -3*s + 2 = -l, -4*l - 6*s + 36 = -7*s. List the prime factors of l.
2, 5
Suppose 1 = -j, -5*j + 335 = -5*y + y. Let q = 147 + y. List the prime factors of q.
2, 31
Suppose -2*o - 4*m = -174, 4*o - 357 = -6*m + m. Suppose 0*a - o = -a. List the prime factors of a.
3, 31
Let b = 35 - -28. Let n = -7 + b. Let u = n - 9. List the prime factors of u.
47
What are the prime factors of (112/84)/((-1)/(-318))?
2, 53
Let p = 1084 + 269. List the prime factors of p.
3, 11, 41
What are the prime factors of (-6298)/(-8) - (-13 + (-245)/(-20))?
2, 197
Let s(f) = -f + 4. Let k = 2 + -11. Let w be 6/12 - k/(-2). List the prime factors of s(w).
2
Suppose 168 = 27*i - 20*i. What are the prime factors of i?
2, 3
Let f be -3 + (2 - -4) - (-1)/(-1). Suppose 4*k = -f*c + 68, 0 = k - 4*k - 3*c + 45. List the prime factors of k.
19
Let p(q) = q**3 - q - 1. Let o(v) = 3*v**3 - 17*v**2 - 12*v - 26. Let l(k) = o(k) - 4*p(k). List the prime factors of l(-17).
2, 3, 19
Suppose -98*d - 3017 = -105*d. List the prime factors of d.
431
Let u be (2 - 12)*2/(-4). Suppose 2*t - 2*i = -0*i + 2, -u*t - 3*i = -29. Suppose 8 = 2*a + 2*w - 2, -3*w = -t*a + 20. List the prime factors of a.
5
Suppose -28*y + 25*y - m + 1273 = 0, m = 5*y - 2119. What are the prime factors of y?
2, 53
Let k be 2/(3/(-6) + 1). Suppose -k*h = -0*h - 12, -16 = -5*a - 2*h. Suppose 5*z + 140 = a*v, -5*v + z + 282 = -22. What are the prime factors of v?
2, 3, 5
Let g = -109 + 107. What are the prime factors of 59 + 5/(-1) + g/(-2)?
5, 11
Let b be -4*(-4 + 2 - 8). Suppose 5*g - k - 387 = -3*k, g = -k + 75. Let m = g - b. List the prime factors of m.
3, 13
Let x(k) = -4*k + 3 + 2*k - 3 + 1 - k**2. Let b be x(1). What are the prime factors of 4 + -1 + (1 - b)?
2, 3
Let b(x) = x + 16. Let u be b(0). List the prime factors of (312/u)/(2/4).
3, 13
Le